{"id":21277,"date":"2025-08-20T15:37:40","date_gmt":"2025-08-20T13:37:40","guid":{"rendered":"https:\/\/www.fitfestival.ch\/?post_type=fit-artisti&#038;p=21277"},"modified":"2026-08-25T16:01:07","modified_gmt":"2026-08-25T14:01:07","slug":"sergi-casero-nieto","status":"publish","type":"fit-artisti","link":"https:\/\/www.fitfestival.ch\/en\/fit-artists\/sergi-casero-nieto\/","title":{"rendered":"SERGI CASERO NIETO"},"content":{"rendered":"<div>\n<div>\n<p>Sergi Casero Nieto \u2013 a Catalan performer originally from Barcelona who has been based in Amsterdam for several years \u2013 is a multifaceted artist working at the intersection of design, historical research, and live performance. With a strong attention to aesthetics, Casero uses performance art as a critical tool to explore contemporary issues. One example is his 2019 video <em>Cryptocurrency Openoutcry<\/em>, in which he investigates the decline of the\u00a0<em>open outcry system<\/em> \u2013 the gestural language once used in stock trading, now replaced by digital technologies.<\/p>\n<p>His work is deeply rooted in historical memory: his perspective on the present always involves a clear-eyed engagement with the past. The titles of his works clearly reflect this approach \u2013 not as a form of nostalgia, but as a way to understand the complexity and layered nature of reality. Casero examines the present while remaining aware of the roots from which it emerges.<\/p>\n<p>Casero also confronts the legacy of Franco\u2019s dictatorship. Born in 1991, sixteen years after the dictator\u2019s death, he inherits the pain and stories of previous generations and gives them a voice. In 2019, he created\u00a0<em>Oficina Franco<\/em>\u00a0and\u00a0<em>Parking Franco<\/em>, two projects that expose the privileges still enjoyed by Franco\u2019s family \u2013 gained during the regime and never truly challenged. His is a profoundly political theatre that seeks to reinterpret history in light of the truths denied or suppressed by dominant cultural narratives.<\/p>\n<p>In 2022, Casero developed <em>El pacto del Olvido<\/em> (a work hosted at FIT 2025) which weaves together individual and collective memories, opening up a space for reflection on historical research, the reinterpretation of events, and how they are viewed in the present. The piece offers an alternative perspective on sites of memory, filling the voids \u2013 both deliberate and accidental \u2013 left by injustice, fear, power, and dominant narratives.<\/p>\n<p>Sergi Casero Nieto has established himself as one of the most distinctive voices on the young European performance scene. His performances have been staged at numerous international festivals and institutions, including Th\u00e9\u00e2tre de la Ville in Paris, Museo Reina Sof\u00eda in Madrid, Festival delle Colline Torinesi in Turin and the Veem House for Performance in Amsterdam. In recent years, he has been in residence at the <em>F\u00e1brica de Creaci\u00f3n Fabra i Coats<\/em> in Barcelona, at Matadero Madrid, and at <em>Live Works \u2013 Free School of Performance<\/em> at Centrale Fies in Italy, where he is now an associate artist through the <em>Fies Factory<\/em> programme.<\/p>\n<\/div>\n<\/div>\n<p><strong>&lt; photo<\/strong> Carmen Gray<\/p>\n<p>&nbsp;<\/p>\n<h4><em>@ FIT<br \/>\n<\/em><\/h4>\n<p><span style=\"text-decoration: underline;\"><a href=\"https:\/\/www.theatredelaville-paris.com\/en\/spectacles\/saison-25-26\/theatre\/no-pares-sigue-sigue\" target=\"_blank\" rel=\"noopener\"><em>No pares (sigue, sigue)<\/em><\/a><\/span><br \/>\n2026 Edition<br \/>\n29 \u2013 30.09 | 02.10 \u2013 11.10<\/p>\n<p><a href=\"https:\/\/www.fitfestival.ch\/en\/fit-events\/el-pacto-del-olvido\/\"><i><u>El Pacto del Olvido<\/u><\/i><\/a><br \/>\n2025 Edition<br \/>\n03.10 &#8211; 12.10<\/p>\n","protected":false},"excerpt":{"rendered":"<p>Sergi Casero Nieto \u2013 a Catalan performer originally from Barcelona who has been based in Amsterdam for several years \u2013 is a multifaceted artist working at the intersection of design, historical research, and live performance. With a strong attention to aesthetics, Casero uses performance art as a critical tool to explore contemporary issues. One example [&hellip;]<\/p>\n","protected":false},"author":7,"featured_media":21926,"template":"","format":"standard","class_list":["post-21277","fit-artisti","type-fit-artisti","status-publish","format-standard","has-post-thumbnail","hentry"],"_links":{"self":[{"href":"https:\/\/www.fitfestival.ch\/en\/wp-json\/wp\/v2\/fit-artisti\/21277","targetHints":{"allow":["GET"]}}],"collection":[{"href":"https:\/\/www.fitfestival.ch\/en\/wp-json\/wp\/v2\/fit-artisti"}],"about":[{"href":"https:\/\/www.fitfestival.ch\/en\/wp-json\/wp\/v2\/types\/fit-artisti"}],"author":[{"embeddable":true,"href":"https:\/\/www.fitfestival.ch\/en\/wp-json\/wp\/v2\/users\/7"}],"version-history":[{"count":3,"href":"https:\/\/www.fitfestival.ch\/en\/wp-json\/wp\/v2\/fit-artisti\/21277\/revisions"}],"predecessor-version":[{"id":26294,"href":"https:\/\/www.fitfestival.ch\/en\/wp-json\/wp\/v2\/fit-artisti\/21277\/revisions\/26294"}],"wp:featuredmedia":[{"embeddable":true,"href":"https:\/\/www.fitfestival.ch\/en\/wp-json\/wp\/v2\/media\/21926"}],"wp:attachment":[{"href":"https:\/\/www.fitfestival.ch\/en\/wp-json\/wp\/v2\/media?parent=21277"}],"curies":[{"name":"wp","href":"https:\/\/api.w.org\/{rel}","templated":true}]}}

<div>
<div>
<p>Sergi Casero Nieto – a Catalan performer originally from Barcelona who has been based in Amsterdam for several years – is a multifaceted artist working at the intersection of design, historical research, and live performance. With a strong attention to aesthetics, Casero uses performance art as a critical tool to explore contemporary issues. One example is his 2019 video <em>Cryptocurrency Openoutcry</em>, in which he investigates the decline of the <em>open outcry system</em> – the gestural language once used in stock trading, now replaced by digital technologies.</p>
<p>His work is deeply rooted in historical memory: his perspective on the present always involves a clear-eyed engagement with the past. The titles of his works clearly reflect this approach – not as a form of nostalgia, but as a way to understand the complexity and layered nature of reality. Casero examines the present while remaining aware of the roots from which it emerges.</p>
<p>Casero also confronts the legacy of Franco’s dictatorship. Born in 1991, sixteen years after the dictator’s death, he inherits the pain and stories of previous generations and gives them a voice. In 2019, he created <em>Oficina Franco</em> and <em>Parking Franco</em>, two projects that expose the privileges still enjoyed by Franco’s family – gained during the regime and never truly challenged. His is a profoundly political theatre that seeks to reinterpret history in light of the truths denied or suppressed by dominant cultural narratives.</p>
<p>In 2022, Casero developed <em>El pacto del Olvido</em> (a work hosted at FIT 2025) which weaves together individual and collective memories, opening up a space for reflection on historical research, the reinterpretation of events, and how they are viewed in the present. The piece offers an alternative perspective on sites of memory, filling the voids – both deliberate and accidental – left by injustice, fear, power, and dominant narratives.</p>
<p>Sergi Casero Nieto has established himself as one of the most distinctive voices on the young European performance scene. His performances have been staged at numerous international festivals and institutions, including Théâtre de la Ville in Paris, Museo Reina Sofía in Madrid, Festival delle Colline Torinesi in Turin and the Veem House for Performance in Amsterdam. In recent years, he has been in residence at the <em>Fábrica de Creación Fabra i Coats</em> in Barcelona, at Matadero Madrid, and at <em>Live Works – Free School of Performance</em> at Centrale Fies in Italy, where he is now an associate artist through the <em>Fies Factory</em> programme.</p>
</div>
</div>
<p><strong>&lt; photo</strong> Carmen Gray</p>
<p>&nbsp;</p>
<h4><em>@ FIT<br />
</em></h4>
<p><span style="text-decoration: underline;"><a href="https://www.theatredelaville-paris.com/en/spectacles/saison-25-26/theatre/no-pares-sigue-sigue" target="_blank" rel="noopener"><em>No pares (sigue, sigue)</em></a></span><br />
2026 Edition<br />
29 – 30.09 | 02.10 – 11.10</p>
<p><a href="https://www.fitfestival.ch/en/fit-events/el-pacto-del-olvido/"><i><u>El Pacto del Olvido</u></i></a><br />
2025 Edition<br />
03.10 &#8211; 12.10</p>
